 8*t + 7. Let z be l(1). Calculate the greatest common divisor of 1269 and z.
9
Let k be (1 + (-21)/(-9))*(-120)/(-40). Let p be 30/8 - (-3)/12. Suppose -2*y = -4*d, -3*y + 16 = p*d - y. Calculate the greatest common divisor of k and d.
2
Let y(q) = -q**3 - 8*q**2 - 6*q + 9. Let n be y(-7). Suppose w = 3*s + 51, 18*w - 21*w + 5*s + 141 = 0. What is the greatest common divisor of n and w?
2
Let g = 5568 - -5883. What is the highest common divisor of 33 and g?
33
Suppose -415*h + 3401066 + 6079834 = 95*h. Calculate the highest common divisor of h and 330.
110
Let f(w) = -9*w - 4. Let l be f(-1). Suppose l*h + 75 = 3*t, -165 = -6*t + t - 5*h. Calculate the greatest common divisor of 60 and t.
30
Let z = 47 + -44. Suppose 0 = -5*n - 3 + 18, 0 = 4*h - z*n + 77. Let d = 25 + h. Calculate the highest common factor of d and 12.
4
Suppose 0 = 5*o - 8*o + 2*g + 1215, -g = 5*o - 2012. Let d = o - 263. Calculate the greatest common factor of 56 and d.
28
Let i = 32 + -23. Let f = 156 + -494. Let h = f + 347. What is the highest common factor of i and h?
9
Let l = -55 - -205. Let m(q) = 30*q**2 - 111*q - 78. Let a be m(-3). What is the highest common factor of l and a?
75
Let t be (6/(-4))/((-27)/(-396)). Let u = t - -27. Suppose u*x - 13 = -2*r, x + x - 34 = -4*r. Calculate the greatest common factor of 27 and r.
9
Suppose 106*x + 24 = 110*x. Suppose -n = -1, -2*n - x = -2*q + 14. Calculate the greatest common factor of q and 77.
11
Let y(u) be the third derivative of u**4/24 + 3*u**3/2 + u**2 + 236. Let z be y(15). Let f = -4 + 44. What is the greatest common factor of z and f?
8
Let r(c) = c**3 - c**2 - c - 53. Let o be r(0). Let v = o + 205. Suppose -p = -3*p + v. Calculate the highest common factor of 114 and p.
38
Suppose 0 = 2*y - 208 - 358 + 122. Calculate the greatest common factor of 438 and y.
6
Suppose -6*i + 60 = -4*i. Suppose -16*f - i = -22*f. Let a(n) = 16*n - 49. Let j be a(f). Calculate the greatest common factor of 186 and j.
31
Let t = 20 - -99. Let f be (-224)/3 + (-8)/24. Let b be f/30*34/(-5). What is the greatest common factor of t and b?
17
Let d be 2/3 - 1*(-618)/18. Suppose -3*v + 5*t = -d, 5*v - 41 = -3*t + 40. Calculate the highest common divisor of 5 and v.
5
Let h = 70 + 10. Let l = 101 - 92. Let i be (4 - 138/(-9)) + 6/l. What is the highest common factor of i and h?
20
Let i be 576/(-224)*(-476)/6. Calculate the highest common factor of 527 and i.
17
Suppose 4*y + 20 = 0, -5*y - 74 = -4*p + 511. Let q(g) = -3*g + 8. Let f be q(-7). Suppose -2*x + 11 = -f. What is the greatest common factor of p and x?
20
Suppose 3*m - 3278 = z, 2*m - z - 2085 = 101. Calculate the greatest common factor of m and 48.
12
Suppose -5*i + 23 = -7. Suppose 42*y - 46*y = -768. Suppose 51*v - y = 47*v. What is the greatest common divisor of i and v?
6
Suppose 5*v = 7138 + 942. What is the greatest common factor of 202 and v?
202
Let n = 15662 - 15568. Calculate the greatest common factor of 21526 and n.
94
Let n = 131 + 29497. What is the greatest common factor of n and 36?
36
Let z be (-4)/(-14) + ((-2112)/42 - -1). Let h = z + 42. Let m(g) = -19*g - 28. Let w be m(h). Calculate the greatest common divisor of w and 15.
15
Let l(f) = f**3 - 20*f**2 + 40*f + 53. Let h be l(19). Calculate the highest common divisor of 2 and h.
2
Suppose 14*n - 10*n - 46 = 2. What is the greatest common divisor of n and 291?
3
Let y = -35331 - -57821. What is the highest common divisor of y and 130?
130
Suppose -91 = -16*f - 139. Let l be (-78)/f + 28/(-7). Let u be (-291)/(-9) - (-2)/3. What is the greatest common divisor of u and l?
11
Suppose 84*f - 18401 - 415 = 0. Calculate the greatest common divisor of f and 8288.
224
Suppose 5*f - 4*k - 37 = 0, -5*k - 5 = 2*f - 0*f. Let y(j) = 4*j**2 - 3*j - 5. Let q be y(f). What is the greatest common factor of q and 5?
5
Suppose 4*c + c = 0, i - 27 = -5*c. Suppose w - i - 37 = 0. Suppose 5*v - h - 39 = 0, h = 4*v - 3*h - 28. Calculate the greatest common factor of w and v.
8
Let w = 483 - 339. Let t = 837 - w. What is the greatest common divisor of t and 77?
77
Let q = -12810 - -13247. Calculate the greatest common factor of q and 247.
19
Let c = 8 + 18. Let v(q) = -2*q**2 + 68*q - 323. Let h be v(28). Calculate the highest common divisor of c and h.
13
Suppose -4*j = 4*i + 392, j + 3*j = 4. Let o be (i - 0)*(4 - (-39)/(-9)). Let v = 17 + -6. Calculate the greatest common divisor of v and o.
11
Let p = -43253 - -43357. Let m(k) = -51*k + 1. Let o be m(-1). What is the highest common factor of o and p?
52
Let o = -15253 - -15617. Calculate the highest common divisor of 2288 and o.
52
Suppose -295*a + 350 + 5908 = -1412. What is the highest common factor of a and 1885?
13
Suppose 10*c + 21*c - 3197 = 8*c. What is the greatest common divisor of c and 2?
1
Let y = -5608 + 8180. What is the greatest common divisor of 8 and y?
4
Suppose -126*q = 4305 - 14889. What is the greatest common factor of 4137 and q?
21
Let h = -13201 - -13211. What is the highest common divisor of h and 4090?
10
Let m = 2800 - 2688. What is the greatest common factor of 400 and m?
16
Let x(t) = 8*t**2 + 11*t + 5. Let u be x(-7). Let f(a) = -462*a - 14744. Let k be f(-32). What is the greatest common factor of u and k?
40
Let v = -32770 - -32902. Calculate the greatest common factor of 14916 and v.
132
Let h = 510 + 998. What is the greatest common factor of 52 and h?
52
Suppose 126*m + 5544 = 159*m. What is the highest common factor of m and 2912?
56
Let s be ((-120)/(-18))/(2/6). Let p be (-1)/(-2) - 3/(-8)*4. Suppose 0 = 10*o - 52 + p. Calculate the highest common factor of s and o.
5
Let b(z) = 18*z + 4. Let v be b(3). Let x(y) = y**3 + 2*y**2 - 83*y + 57. Let l be x(-10). What is the highest common factor of l and v?
29
Suppose 0 = 29*d - 31*d, -2*o - 2*d + 580 = -5*d. Let a = -192 + 289. Let m = a + -68. Calculate the highest common divisor of o and m.
29
Let x = -29445 - -32725. Calculate the highest common factor of x and 560.
80
Suppose -8*s + 394 + 166 = 6*s. Calculate the highest common factor of s and 50.
10
Let a(o) = 264*o - 368. Let j be a(7). What is the greatest common factor of 40 and j?
40
Let t = -4219 - -4239. Let d(u) = 2*u + 32. Let k be d(0). Suppose 4*a + 2*o - 50 = 0, -k = a - 4*a + 4*o. Calculate the highest common divisor of a and t.
4
Let r be 6*4/36*6. Suppose -v = r*z - 43, -5*v - 2*z + 172 + 61 = 0. What is the greatest common divisor of 893 and v?
47
Let t be ((-6)/(-21))/(11/(-77)). Let v be ((-102)/14)/(t/14). What is the greatest common divisor of v and 51?
51
Suppose -3*i = 3*x - 21, -4*x + 0*i = 2*i - 20. Suppose 4*q - 112 = -5*j, x*j + 11 = q - 0*j. Calculate the greatest common divisor of q and 345.
23
Let t(g) = -39*g**3 - 4*g**2 - 3*g + 6. Let n = -412 - -410. Let l be t(n). What is the greatest common divisor of l and 88?
44
Let f be 6*(-4)/30*710/(-4). Let j = f - 55. Let c = j + -12. What is the greatest common factor of 15 and c?
15
Let q = 39 - 29. Let u = 12 + q. What is the greatest common factor of u and 22?
22
Suppose -56*k + 150 = -9*k - 179. Let m be ((-2)/(-3))/(10/105). Calculate the greatest common divisor of k and m.
7
Suppose 5*s - 4*s + 3038 = 4*a, 0 = -5*s - 10. Let h = -136279 + 136348. What is the greatest common factor of h and a?
69
Let d be (0 - 3)*-1*(2 - 1). Suppose 5*u - 4*v - 12 = d*u, -u + 5*v = 6. Calculate the highest common factor of 126 and u.
14
Let a be -5*(-28)/(-25)*80/32. Let b = a + 15. Let y be 2 + 152/4*b. Calculate the highest common factor of y and 5.
5
Suppose 5 - 13 = 6*d - 26. Suppose -2*l + 0*l + 2 = 0. Suppose -4*q - 2*o + 7 + l = 0, -q + 4*o + 2 = 0. Calculate the highest common divisor of q and d.
1
Suppose 1 = 5*u - 0*u - g, u - 3*g - 3 = 0. Suppose u = 6*p - 15*p + 315. Suppose 10 + p = 5*d. Calculate the greatest common factor of 72 and d.
9
Let m = -1005 + 987. Let d be -276*-5*m/(-135). Calculate the greatest common factor of 8 and d.
8
Suppose 0 = 12*a - 10255 - 265 - 232. What is the greatest common divisor of a and 84?
28
Suppose 29*j - 32*j = 450. Let r = -115 - j. What is the highest common factor of 7 and r?
7
Let v be -405*(99/(-60)*4 - (1 - 7)). What is the greatest common factor of v and 57?
3
Suppose 0 = -3*x + 104 - 2. Suppose -70*p - o - 1205 = 